{"id":141,"date":"2025-07-02T06:10:50","date_gmt":"2025-07-02T04:10:50","guid":{"rendered":"https:\/\/www.ladanselauwinoise.com\/?page_id=141"},"modified":"2025-08-25T06:21:02","modified_gmt":"2025-08-25T04:21:02","slug":"contact","status":"publish","type":"page","link":"https:\/\/www.ladanselauwinoise.com\/index.php\/contact\/","title":{"rendered":"Contact de l&rsquo;association de cours de danse \u00e0 Lauwin-Planque"},"content":{"rendered":"\n<div class=\"wp-block-buttons has-custom-font-size has-small-font-size is-content-justification-center is-layout-flex wp-container-core-buttons-is-layout-6f540e79 wp-block-buttons-is-layout-flex\" style=\"margin-top:0px;margin-bottom:0px;padding-top:1px;padding-right:1px;padding-bottom:1px;padding-left:1px\">\n<div class=\"wp-block-button is-style-outline is-style-outline--1\"><a class=\"wp-block-button__link has-accent-1-color has-text-color has-link-color has-large-font-size has-custom-font-size wp-element-button\" href=\"https:\/\/www.ladanselauwinoise.com\/\" style=\"padding-top:0;padding-right:var(--wp--preset--spacing--20);padding-bottom:0;padding-left:var(--wp--preset--spacing--20)\">Accueil<\/a><\/div>\n\n\n\n<div class=\"wp-block-button is-style-outline is-style-outline--2\"><a class=\"wp-block-button__link has-accent-1-color has-text-color has-link-color has-large-font-size has-custom-font-size wp-element-button\" href=\"https:\/\/www.ladanselauwinoise.com\/index.php\/evenements\/\" style=\"padding-top:0;padding-right:var(--wp--preset--spacing--20);padding-bottom:0;padding-left:var(--wp--preset--spacing--20)\">Ev\u00e8nements<\/a><\/div>\n\n\n\n<div class=\"wp-block-button is-style-outline is-style-outline--3\"><a class=\"wp-block-button__link has-accent-1-color has-text-color has-link-color has-large-font-size has-custom-font-size wp-element-button\" href=\"https:\/\/www.ladanselauwinoise.com\/index.php\/cours-de-danse\/\" style=\"padding-top:0;padding-right:var(--wp--preset--spacing--20);padding-bottom:0;padding-left:var(--wp--preset--spacing--20)\">Cours<\/a><\/div>\n\n\n\n<div class=\"wp-block-button is-style-outline is-style-outline--4\"><a class=\"wp-block-button__link has-base-color has-accent-1-background-color has-text-color has-background has-link-color has-large-font-size has-custom-font-size wp-element-button\" href=\"https:\/\/www.ladanselauwinoise.com\/index.php\/contact\/\" style=\"padding-top:0;padding-right:var(--wp--preset--spacing--20);padding-bottom:0;padding-left:var(--wp--preset--spacing--20)\">Contact<\/a><\/div>\n<\/div>\n\n\n\n<h1 class=\"wp-block-heading has-text-align-center has-base-color has-text-color has-link-color wp-elements-197a646d7c1ef10e2c2653d310fcf606\" style=\"margin-right:var(--wp--preset--spacing--50);margin-left:var(--wp--preset--spacing--50);font-size:0.1rem\">Contact des membres du Bureau de l&rsquo;association de cours de danse de Lauwin-Planque<\/h1>\n\n\n\n<p class=\"has-text-align-center has-base-color has-text-color has-link-color wp-elements-9475971968c69f4351ab33eda935d5eb\" style=\"margin-right:var(--wp--preset--spacing--50);margin-left:var(--wp--preset--spacing--50);font-size:0.1rem\">Description des moyens de contact des membre du bureau de l&rsquo;association.<br>Explications de qui fait quoi, comment prendre contact pour les cours de danse \u00e0 Lauwin-Planque et savoir quelle question poser.<\/p>\n\n\n\n<h2 class=\"wp-block-heading has-text-align-center has-base-color has-text-color has-link-color wp-elements-c3b0218c9717f90084364d2ca53c617d\" style=\"margin-right:var(--wp--preset--spacing--50);margin-left:var(--wp--preset--spacing--50);font-size:0.1rem\">Une question sur les cours de danse ou sur nos autres activit\u00e9s comme les th\u00e9s dansants et stages, prenez contact pour les cours de danse \u00e0 Lauwin-Planque.<\/h2>\n\n\n\n<h2 class=\"wp-block-heading has-text-align-center has-accent-1-color has-text-color has-link-color has-x-large-font-size wp-elements-81058a6f62f2fe2ab1ed4f79e1bd13d2\" style=\"margin-right:var(--wp--preset--spacing--50);margin-left:var(--wp--preset--spacing--50)\">Une question ?<\/h2>\n\n\n\n<p class=\"has-text-align-center has-medium-font-size\" style=\"margin-right:var(--wp--preset--spacing--50);margin-left:var(--wp--preset--spacing--50)\"><em>Quelles sortes de danses propose-t-on ?<\/em><br><em>Quelle est l&rsquo;ambiance des cours ? <\/em><br><em>O\u00f9 cela se passe-t-il ? Pr\u00e8s de Douai , au village de Lauwin-Planque?<\/em><br><em>Quelles sont les autres activit\u00e9s propos\u00e9es ? <\/em><br><em>Comment s&rsquo;inscrit-on ?<br>Pour r\u00e9pondre \u00e0 toutes vos questions et suggestions,<\/em><\/p>\n\n\n\n<p class=\"has-text-align-center has-medium-font-size\" style=\"margin-right:var(--wp--preset--spacing--50);margin-left:var(--wp--preset--spacing--50)\">Contactez un des membres du Bureau ci-dessous<br>ou envoyez un mail \u00e0 notre secr\u00e9taire &nbsp;\u2709&nbsp;&nbsp;<a href=\"mailto:guyotbettina@gmail.com\" target=\"_blank\" rel=\"noreferrer noopener\"><\/a><a href=\"mailto:guyotbettina@gmail.com\" target=\"_blank\" rel=\"noreferrer noopener\">guyotbettina@gmail.com<\/a><br><br>Vous pouvez aussi vous rendre sur place, un soir de cours (<a data-type=\"page\" data-id=\"139\" href=\"https:\/\/www.ladanselauwinoise.com\/index.php\/cours-de-danse\/\"><mark style=\"background-color:rgba(0, 0, 0, 0)\" class=\"has-inline-color has-accent-1-color\">voir ici<\/mark><\/a>) o\u00f9 nous r\u00e9pondrons \u00e0 toutes vos questions.<\/p>\n\n\n\n<p class=\"has-text-align-center has-small-font-size\" style=\"margin-right:var(--wp--preset--spacing--50);margin-left:var(--wp--preset--spacing--50)\">Pour les questions techniques et contenus du site web, voyez le gestionnaire (en bas de la page)<\/p>\n\n\n\n<div style=\"height:50px\" aria-hidden=\"true\" class=\"wp-block-spacer\"><\/div>\n\n\n\n<h2 class=\"wp-block-heading has-text-align-center has-accent-1-color has-text-color has-link-color has-x-large-font-size wp-elements-24c965ad1157413c8d7d8baf3614841c\" style=\"margin-right:var(--wp--preset--spacing--50);margin-left:var(--wp--preset--spacing--50)\">Membres du Bureau<\/h2>\n\n\n\n<figure class=\"wp-block-image aligncenter size-medium is-resized\" style=\"margin-right:var(--wp--preset--spacing--50);margin-left:var(--wp--preset--spacing--50)\"><img loading=\"lazy\" decoding=\"async\" width=\"300\" height=\"225\" src=\"https:\/\/www.ladanselauwinoise.com\/wp-content\/uploads\/2025\/07\/reunion-bureau-300x225.png\" alt=\"contact des membres du bureau de l'association de cours de danse de Lauwin-Planque\" class=\"wp-image-419\" style=\"width:auto;height:80px\" srcset=\"https:\/\/www.ladanselauwinoise.com\/wp-content\/uploads\/2025\/07\/reunion-bureau-300x225.png 300w, https:\/\/www.ladanselauwinoise.com\/wp-content\/uploads\/2025\/07\/reunion-bureau.png 358w\" sizes=\"auto, (max-width: 300px) 100vw, 300px\" \/><\/figure>\n\n\n\n<p class=\"has-text-align-center has-medium-font-size\" style=\"margin-right:var(--wp--preset--spacing--50);margin-left:var(--wp--preset--spacing--50)\"><mark style=\"background-color:rgba(0, 0, 0, 0)\" class=\"has-inline-color has-accent-1-color\">Pr\u00e9sident : <\/mark>Guy DUEZ<br>\u260e&nbsp;&nbsp;06 14 51 74 56&nbsp;&nbsp;&nbsp;&nbsp;&nbsp;&nbsp;\u2709&nbsp;&nbsp;<a href=\"mailto:gduez11@gmail.com\" target=\"_blank\" rel=\"noreferrer noopener\">gduez11@gmail.com<\/a><\/p>\n\n\n\n<p class=\"has-text-align-center has-medium-font-size\" style=\"margin-right:var(--wp--preset--spacing--50);margin-left:var(--wp--preset--spacing--50)\"><mark style=\"background-color:rgba(0, 0, 0, 0)\" class=\"has-inline-color has-accent-1-color\">Secr\u00e9taire <\/mark>: Bettina GUYOT<br>\u260e&nbsp;&nbsp;06 24 55 35 47&nbsp;&nbsp;&nbsp;&nbsp;&nbsp;&nbsp;\u2709&nbsp;&nbsp;<a href=\"mailto:guyotbettina@gmail.com\" target=\"_blank\" rel=\"noreferrer noopener\"><\/a><a href=\"mailto:guyotbettina@gmail.com\" target=\"_blank\" rel=\"noreferrer noopener\">guyotbettina@gmail.com<\/a><\/p>\n\n\n\n<p class=\"has-text-align-center has-medium-font-size\" style=\"margin-right:var(--wp--preset--spacing--50);margin-left:var(--wp--preset--spacing--50)\"><mark style=\"background-color:rgba(0, 0, 0, 0)\" class=\"has-inline-color has-accent-1-color\">Tr\u00e9sori\u00e8re <\/mark>: Anne-Sophie HUMEZ<br>\u260e&nbsp;&nbsp;06 89 25 00 46&nbsp;&nbsp;&nbsp;&nbsp;&nbsp;&nbsp;\u2709&nbsp;&nbsp;<a href=\"mailto:humez.as@gmail.com\" data-type=\"mailto\" data-id=\"mailto:humez.as@gmail.com\" target=\"_blank\" rel=\"noreferrer noopener\">humez.as@gmail.com<\/a><\/p>\n\n\n\n<p class=\"has-text-align-center has-medium-font-size\" style=\"margin-right:var(--wp--preset--spacing--50);margin-left:var(--wp--preset--spacing--50)\"><mark style=\"background-color:rgba(0, 0, 0, 0)\" class=\"has-inline-color has-accent-1-color\">Membres actifs :<\/mark> Karine, Isabelle, Liliane, Marie-France, Yannick<\/p>\n\n\n\n<div style=\"height:50px\" aria-hidden=\"true\" class=\"wp-block-spacer\"><\/div>\n\n\n\n<h2 class=\"wp-block-heading has-text-align-center has-accent-1-color has-text-color has-link-color has-x-large-font-size wp-elements-fe589d1f16c4771b64d1b2996fa768f5\" style=\"margin-right:var(--wp--preset--spacing--50);margin-left:var(--wp--preset--spacing--50)\">Association Lauwinoise<\/h2>\n\n\n\n<p class=\"has-text-align-center has-medium-font-size\" style=\"margin-right:var(--wp--preset--spacing--50);margin-left:var(--wp--preset--spacing--50)\">10 rue des Pinsons 59553 <a href=\"https:\/\/www.lauwin-planque.com\/ma-ville\/la-vie-associative\/la-danse-lauwinoise\"><mark style=\"background-color:rgba(0, 0, 0, 0)\" class=\"has-inline-color has-accent-1-color\">LAUWIN-PLANQUE<\/mark><\/a><\/p>\n\n\n\n<p class=\"has-text-align-center has-medium-font-size\" style=\"margin-right:var(--wp--preset--spacing--50);margin-left:var(--wp--preset--spacing--50)\">Association enregistr\u00e9e sous le n\u00b0 W593000929<\/p>\n\n\n\n<p class=\"has-text-align-center has-medium-font-size\" style=\"margin-right:var(--wp--preset--spacing--50);margin-left:var(--wp--preset--spacing--50)\">SIRET 788847267800010<\/p>\n\n\n\n<p class=\"has-text-align-center has-medium-font-size\" style=\"margin-right:var(--wp--preset--spacing--50);margin-left:var(--wp--preset--spacing--50)\">Cr\u00e9\u00e9e le 3 novembre 2005<\/p>\n\n\n\n<p class=\"has-text-align-center has-medium-font-size\" style=\"margin-right:var(--wp--preset--spacing--50);margin-left:var(--wp--preset--spacing--50)\"><em>D\u00e9j\u00e0 20 ans de bons et loyaux services, \u00e0 animer ce beau village de Lauwin-Planque, et assurer la d\u00e9couverte des danses \u00e0 tous ceux qui le souhaitent.<\/em><br><em>Nous continuons notre lanc\u00e9e avec un Bureau renouvel\u00e9 et toujours autant de plaisir \u00e0 nous retrouver dans une belle ambiance d\u00e9tendue et conviviale.<\/em><\/p>\n\n\n\n<div style=\"height:100px\" aria-hidden=\"true\" class=\"wp-block-spacer\"><\/div>\n","protected":false},"excerpt":{"rendered":"<p>Contact des membres du Bureau de l&rsquo;association de cours de danse de Lauwin-Planque Description des moyens de contact des membre du bureau de l&rsquo;association.Explications de qui fait quoi, comment prendre contact pour les cours de danse \u00e0 Lauwin-Planque et savoir quelle question poser. Une question sur les cours de danse ou sur nos autres activit\u00e9s [&hellip;]<\/p>\n","protected":false},"author":1,"featured_media":0,"parent":0,"menu_order":0,"comment_status":"closed","ping_status":"closed","template":"wp-custom-template-ldl-mod-le-page","meta":{"footnotes":""},"class_list":["post-141","page","type-page","status-publish","hentry"],"yoast_head":"<!-- This site is optimized with the Yoast SEO plugin v26.8 - https:\/\/yoast.com\/product\/yoast-seo-wordpress\/ -->\n<title>La Danse Lauwinoise - Contact de l&#039;association de cours de danse \u00e0 Lauwin-Planque<\/title>\n<meta name=\"description\" content=\"Contact des membres du Bureau de l&#039;association de cours de danse \u00e0 Lauwin-Planque, pr\u00e8s de Douai, pour poser toutes vos questions et autres\" \/>\n<meta name=\"robots\" content=\"index, follow, max-snippet:-1, max-image-preview:large, max-video-preview:-1\" \/>\n<link rel=\"canonical\" href=\"https:\/\/www.ladanselauwinoise.com\/index.php\/contact\/\" \/>\n<meta property=\"og:locale\" content=\"fr_FR\" \/>\n<meta property=\"og:type\" content=\"article\" \/>\n<meta property=\"og:title\" content=\"La Danse Lauwinoise - Contact de l&#039;association de cours de danse \u00e0 Lauwin-Planque\" \/>\n<meta property=\"og:description\" content=\"Contact des membres du Bureau de l&#039;association de cours de danse \u00e0 Lauwin-Planque, pr\u00e8s de Douai, pour poser toutes vos questions et autres\" \/>\n<meta property=\"og:url\" content=\"https:\/\/www.ladanselauwinoise.com\/index.php\/contact\/\" \/>\n<meta property=\"og:site_name\" content=\"La Danse Lauwinoise\" \/>\n<meta property=\"article:modified_time\" content=\"2025-08-25T04:21:02+00:00\" \/>\n<meta property=\"og:image\" content=\"https:\/\/www.ladanselauwinoise.com\/wp-content\/uploads\/2025\/07\/reunion-bureau.png\" \/>\n\t<meta property=\"og:image:width\" content=\"358\" \/>\n\t<meta property=\"og:image:height\" content=\"269\" \/>\n\t<meta property=\"og:image:type\" content=\"image\/png\" \/>\n<meta name=\"twitter:card\" content=\"summary_large_image\" \/>\n<meta name=\"twitter:label1\" content=\"Dur\u00e9e de lecture estim\u00e9e\" \/>\n\t<meta name=\"twitter:data1\" content=\"2 minutes\" \/>\n<script type=\"application\/ld+json\" class=\"yoast-schema-graph\">{\"@context\":\"https:\/\/schema.org\",\"@graph\":[{\"@type\":\"WebPage\",\"@id\":\"https:\/\/www.ladanselauwinoise.com\/index.php\/contact\/\",\"url\":\"https:\/\/www.ladanselauwinoise.com\/index.php\/contact\/\",\"name\":\"La Danse Lauwinoise - Contact de l'association de cours de danse \u00e0 Lauwin-Planque\",\"isPartOf\":{\"@id\":\"https:\/\/www.ladanselauwinoise.com\/#website\"},\"primaryImageOfPage\":{\"@id\":\"https:\/\/www.ladanselauwinoise.com\/index.php\/contact\/#primaryimage\"},\"image\":{\"@id\":\"https:\/\/www.ladanselauwinoise.com\/index.php\/contact\/#primaryimage\"},\"thumbnailUrl\":\"https:\/\/www.ladanselauwinoise.com\/wp-content\/uploads\/2025\/07\/reunion-bureau-300x225.png\",\"datePublished\":\"2025-07-02T04:10:50+00:00\",\"dateModified\":\"2025-08-25T04:21:02+00:00\",\"description\":\"Contact des membres du Bureau de l'association de cours de danse \u00e0 Lauwin-Planque, pr\u00e8s de Douai, pour poser toutes vos questions et autres\",\"breadcrumb\":{\"@id\":\"https:\/\/www.ladanselauwinoise.com\/index.php\/contact\/#breadcrumb\"},\"inLanguage\":\"fr-FR\",\"potentialAction\":[{\"@type\":\"ReadAction\",\"target\":[\"https:\/\/www.ladanselauwinoise.com\/index.php\/contact\/\"]}]},{\"@type\":\"ImageObject\",\"inLanguage\":\"fr-FR\",\"@id\":\"https:\/\/www.ladanselauwinoise.com\/index.php\/contact\/#primaryimage\",\"url\":\"https:\/\/www.ladanselauwinoise.com\/wp-content\/uploads\/2025\/07\/reunion-bureau.png\",\"contentUrl\":\"https:\/\/www.ladanselauwinoise.com\/wp-content\/uploads\/2025\/07\/reunion-bureau.png\",\"width\":358,\"height\":269,\"caption\":\"membres du bureau\"},{\"@type\":\"BreadcrumbList\",\"@id\":\"https:\/\/www.ladanselauwinoise.com\/index.php\/contact\/#breadcrumb\",\"itemListElement\":[{\"@type\":\"ListItem\",\"position\":1,\"name\":\"Accueil\",\"item\":\"https:\/\/www.ladanselauwinoise.com\/\"},{\"@type\":\"ListItem\",\"position\":2,\"name\":\"Contact de l&rsquo;association de cours de danse \u00e0 Lauwin-Planque\"}]},{\"@type\":\"WebSite\",\"@id\":\"https:\/\/www.ladanselauwinoise.com\/#website\",\"url\":\"https:\/\/www.ladanselauwinoise.com\/\",\"name\":\"La Danse Lauwinoise\",\"description\":\"Venez danser avec nous, en couple ou en ligne, \u00e0 Lauwin-Planque \u00e0 c\u00f4t\u00e9 de Douai\",\"publisher\":{\"@id\":\"https:\/\/www.ladanselauwinoise.com\/#organization\"},\"alternateName\":\"Danse \u00e0 Lauwin-Planque\",\"potentialAction\":[{\"@type\":\"SearchAction\",\"target\":{\"@type\":\"EntryPoint\",\"urlTemplate\":\"https:\/\/www.ladanselauwinoise.com\/?s={search_term_string}\"},\"query-input\":{\"@type\":\"PropertyValueSpecification\",\"valueRequired\":true,\"valueName\":\"search_term_string\"}}],\"inLanguage\":\"fr-FR\"},{\"@type\":\"Organization\",\"@id\":\"https:\/\/www.ladanselauwinoise.com\/#organization\",\"name\":\"La Danse Lauwinoise\",\"url\":\"https:\/\/www.ladanselauwinoise.com\/\",\"logo\":{\"@type\":\"ImageObject\",\"inLanguage\":\"fr-FR\",\"@id\":\"https:\/\/www.ladanselauwinoise.com\/#\/schema\/logo\/image\/\",\"url\":\"https:\/\/www.ladanselauwinoise.com\/wp-content\/uploads\/2025\/06\/Logo-110x110-transparent-1.png\",\"contentUrl\":\"https:\/\/www.ladanselauwinoise.com\/wp-content\/uploads\/2025\/06\/Logo-110x110-transparent-1.png\",\"width\":110,\"height\":110,\"caption\":\"La Danse Lauwinoise\"},\"image\":{\"@id\":\"https:\/\/www.ladanselauwinoise.com\/#\/schema\/logo\/image\/\"}}]}<\/script>\n<!-- \/ Yoast SEO plugin. -->","yoast_head_json":{"title":"La Danse Lauwinoise - Contact de l'association de cours de danse \u00e0 Lauwin-Planque","description":"Contact des membres du Bureau de l'association de cours de danse \u00e0 Lauwin-Planque, pr\u00e8s de Douai, pour poser toutes vos questions et autres","robots":{"index":"index","follow":"follow","max-snippet":"max-snippet:-1","max-image-preview":"max-image-preview:large","max-video-preview":"max-video-preview:-1"},"canonical":"https:\/\/www.ladanselauwinoise.com\/index.php\/contact\/","og_locale":"fr_FR","og_type":"article","og_title":"La Danse Lauwinoise - Contact de l'association de cours de danse \u00e0 Lauwin-Planque","og_description":"Contact des membres du Bureau de l'association de cours de danse \u00e0 Lauwin-Planque, pr\u00e8s de Douai, pour poser toutes vos questions et autres","og_url":"https:\/\/www.ladanselauwinoise.com\/index.php\/contact\/","og_site_name":"La Danse Lauwinoise","article_modified_time":"2025-08-25T04:21:02+00:00","og_image":[{"width":358,"height":269,"url":"https:\/\/www.ladanselauwinoise.com\/wp-content\/uploads\/2025\/07\/reunion-bureau.png","type":"image\/png"}],"twitter_card":"summary_large_image","twitter_misc":{"Dur\u00e9e de lecture estim\u00e9e":"2 minutes"},"schema":{"@context":"https:\/\/schema.org","@graph":[{"@type":"WebPage","@id":"https:\/\/www.ladanselauwinoise.com\/index.php\/contact\/","url":"https:\/\/www.ladanselauwinoise.com\/index.php\/contact\/","name":"La Danse Lauwinoise - Contact de l'association de cours de danse \u00e0 Lauwin-Planque","isPartOf":{"@id":"https:\/\/www.ladanselauwinoise.com\/#website"},"primaryImageOfPage":{"@id":"https:\/\/www.ladanselauwinoise.com\/index.php\/contact\/#primaryimage"},"image":{"@id":"https:\/\/www.ladanselauwinoise.com\/index.php\/contact\/#primaryimage"},"thumbnailUrl":"https:\/\/www.ladanselauwinoise.com\/wp-content\/uploads\/2025\/07\/reunion-bureau-300x225.png","datePublished":"2025-07-02T04:10:50+00:00","dateModified":"2025-08-25T04:21:02+00:00","description":"Contact des membres du Bureau de l'association de cours de danse \u00e0 Lauwin-Planque, pr\u00e8s de Douai, pour poser toutes vos questions et autres","breadcrumb":{"@id":"https:\/\/www.ladanselauwinoise.com\/index.php\/contact\/#breadcrumb"},"inLanguage":"fr-FR","potentialAction":[{"@type":"ReadAction","target":["https:\/\/www.ladanselauwinoise.com\/index.php\/contact\/"]}]},{"@type":"ImageObject","inLanguage":"fr-FR","@id":"https:\/\/www.ladanselauwinoise.com\/index.php\/contact\/#primaryimage","url":"https:\/\/www.ladanselauwinoise.com\/wp-content\/uploads\/2025\/07\/reunion-bureau.png","contentUrl":"https:\/\/www.ladanselauwinoise.com\/wp-content\/uploads\/2025\/07\/reunion-bureau.png","width":358,"height":269,"caption":"membres du bureau"},{"@type":"BreadcrumbList","@id":"https:\/\/www.ladanselauwinoise.com\/index.php\/contact\/#breadcrumb","itemListElement":[{"@type":"ListItem","position":1,"name":"Accueil","item":"https:\/\/www.ladanselauwinoise.com\/"},{"@type":"ListItem","position":2,"name":"Contact de l&rsquo;association de cours de danse \u00e0 Lauwin-Planque"}]},{"@type":"WebSite","@id":"https:\/\/www.ladanselauwinoise.com\/#website","url":"https:\/\/www.ladanselauwinoise.com\/","name":"La Danse Lauwinoise","description":"Venez danser avec nous, en couple ou en ligne, \u00e0 Lauwin-Planque \u00e0 c\u00f4t\u00e9 de Douai","publisher":{"@id":"https:\/\/www.ladanselauwinoise.com\/#organization"},"alternateName":"Danse \u00e0 Lauwin-Planque","potentialAction":[{"@type":"SearchAction","target":{"@type":"EntryPoint","urlTemplate":"https:\/\/www.ladanselauwinoise.com\/?s={search_term_string}"},"query-input":{"@type":"PropertyValueSpecification","valueRequired":true,"valueName":"search_term_string"}}],"inLanguage":"fr-FR"},{"@type":"Organization","@id":"https:\/\/www.ladanselauwinoise.com\/#organization","name":"La Danse Lauwinoise","url":"https:\/\/www.ladanselauwinoise.com\/","logo":{"@type":"ImageObject","inLanguage":"fr-FR","@id":"https:\/\/www.ladanselauwinoise.com\/#\/schema\/logo\/image\/","url":"https:\/\/www.ladanselauwinoise.com\/wp-content\/uploads\/2025\/06\/Logo-110x110-transparent-1.png","contentUrl":"https:\/\/www.ladanselauwinoise.com\/wp-content\/uploads\/2025\/06\/Logo-110x110-transparent-1.png","width":110,"height":110,"caption":"La Danse Lauwinoise"},"image":{"@id":"https:\/\/www.ladanselauwinoise.com\/#\/schema\/logo\/image\/"}}]}},"_links":{"self":[{"href":"https:\/\/www.ladanselauwinoise.com\/index.php\/wp-json\/wp\/v2\/pages\/141","targetHints":{"allow":["GET"]}}],"collection":[{"href":"https:\/\/www.ladanselauwinoise.com\/index.php\/wp-json\/wp\/v2\/pages"}],"about":[{"href":"https:\/\/www.ladanselauwinoise.com\/index.php\/wp-json\/wp\/v2\/types\/page"}],"author":[{"embeddable":true,"href":"https:\/\/www.ladanselauwinoise.com\/index.php\/wp-json\/wp\/v2\/users\/1"}],"replies":[{"embeddable":true,"href":"https:\/\/www.ladanselauwinoise.com\/index.php\/wp-json\/wp\/v2\/comments?post=141"}],"version-history":[{"count":54,"href":"https:\/\/www.ladanselauwinoise.com\/index.php\/wp-json\/wp\/v2\/pages\/141\/revisions"}],"predecessor-version":[{"id":762,"href":"https:\/\/www.ladanselauwinoise.com\/index.php\/wp-json\/wp\/v2\/pages\/141\/revisions\/762"}],"wp:attachment":[{"href":"https:\/\/www.ladanselauwinoise.com\/index.php\/wp-json\/wp\/v2\/media?parent=141"}],"curies":[{"name":"wp","href":"https:\/\/api.w.org\/{rel}","templated":true}]}}